{"id":28699,"date":"2022-12-06T14:34:44","date_gmt":"2022-12-06T19:34:44","guid":{"rendered":"https:\/\/www.people20.com\/event\/forum-executif-sia-2023-amerique-du-nord\/"},"modified":"2025-10-23T14:26:31","modified_gmt":"2025-10-23T18:26:31","slug":"2023-sia-executive-forum-north-america","status":"publish","type":"event","link":"https:\/\/www.people20.com\/fr-ca\/event\/2023-sia-executive-forum-north-america\/","title":{"rendered":"Forum ex\u00e9cutif SIA 2023 Am\u00e9rique du Nord"},"content":{"rendered":"\n<div style=\"height:20px\" aria-hidden=\"true\" class=\"wp-block-spacer\"><\/div>\n\n<p>Joignez-vous \u00e0 Pat McCall, directrice mondiale des revenus de People2.0, lors d\u2019un panel de leaders de l\u2019industrie lors du SIA Executive Forum le mercredi 8 mars 2023, de 11 h 45 \u00e0 12 h 30 HNE. <\/p>\n\n<p><strong>L\u2019avenir des services de conformit\u00e9 des employeurs de dossiers et de la CI<\/strong><\/p>\n\n<p>La SIA estime que les d\u00e9penses pour les travailleurs autonomes sont plus de quatre fois sup\u00e9rieures aux d\u00e9penses annuelles consacr\u00e9es au personnel temporaire. De plus en plus de grandes entreprises cherchent des moyens innovants et conformes pour engager cette population de travailleurs. Le service de paie \u00e9tait autrefois consid\u00e9r\u00e9 comme un coin tranquille et \u00e0 faible marge du march\u00e9. Cependant, \u00e0 la suite de la pand\u00e9mie et de la mont\u00e9e du t\u00e9l\u00e9travail, elle s\u2019est impos\u00e9e comme un employeur de r\u00e9f\u00e9rence (EOR) et a donn\u00e9 naissance \u00e0 des licornes technologiques avec des valorisations sup\u00e9rieures \u00e0 1 milliard de dollars. Qu\u2019est-ce qui alimente cette tendance et o\u00f9 va-t-elle aller ensuite? Nous explorons les opportunit\u00e9s, les menaces et les perspectives pour ce segment nouvellement dynamis\u00e9 de l\u2019industrie.     <\/p>\n\n<p><strong>Connectez-vous avec nous au Forum ex\u00e9cutif!<\/strong><\/p>\n\n<p class=\"globalpowerCTA has-black-color has-text-color\"><a href=\"https:\/\/web.cvent.com\/event\/4f1ce580-304b-4c6a-8220-9ed510f5aac7\/websitePage:2a28f077-cacd-4a03-b7cb-9050b5e1c526\" target=\"_blank\" rel=\"noreferrer noopener\">Inscrivez-vous d\u00e8s aujourd\u2019hui<\/a><\/p>\n","protected":false},"excerpt":{"rendered":"<p>6-9 mars 2023<br \/>H\u00f4tel Fontainebleau<br \/>Miami, FL<\/p>\n","protected":false},"author":3,"featured_media":27453,"menu_order":0,"template":"","format":"standard","meta":{"_acf_changed":false,"content-type":"","footnotes":""},"categories":[1255,1351,1355,1183],"tags":[],"regional_locations":[1787],"class_list":["post-28699","event","type-event","status-publish","format-standard","has-post-thumbnail","hentry","category-canada-fr-ca","category-events-fr-ca","category-export-fr-ca","category-us-fr-ca","regional_locations-americas-fr-ca"],"acf":[],"yoast_head":"<!-- This site is optimized with the Yoast SEO plugin v27.4 - https:\/\/yoast.com\/product\/yoast-seo-wordpress\/ -->\n<title>Forum ex\u00e9cutif SIA 2023 Am\u00e9rique du Nord &#8211; People2.0 | Global<\/title>\n<meta name=\"robots\" content=\"index, follow, max-snippet:-1, max-image-preview:large, max-video-preview:-1\" \/>\n<link rel=\"canonical\" href=\"https:\/\/www.people20.com\/fr-ca\/event\/2023-sia-executive-forum-north-america\/\" \/>\n<meta property=\"og:locale\" content=\"fr_CA\" \/>\n<meta property=\"og:type\" content=\"article\" \/>\n<meta property=\"og:title\" content=\"Forum ex\u00e9cutif SIA 2023 Am\u00e9rique du Nord &#8211; People2.0 | Global\" \/>\n<meta property=\"og:description\" content=\"6-9 mars 2023H\u00f4tel FontainebleauMiami, FL\" \/>\n<meta property=\"og:url\" content=\"https:\/\/www.people20.com\/fr-ca\/event\/2023-sia-executive-forum-north-america\/\" \/>\n<meta property=\"og:site_name\" content=\"People2.0 | Global\" \/>\n<meta property=\"article:modified_time\" content=\"2025-10-23T18:26:31+00:00\" \/>\n<meta property=\"og:image\" content=\"https:\/\/www.people20.com\/wp-content\/uploads\/2025\/09\/default-featured-blog-image-e1759425826602.png\" \/>\n\t<meta property=\"og:image:width\" content=\"1000\" \/>\n\t<meta property=\"og:image:height\" content=\"675\" \/>\n\t<meta property=\"og:image:type\" content=\"image\/png\" \/>\n<meta name=\"twitter:card\" content=\"summary_large_image\" \/>\n<meta name=\"twitter:label1\" content=\"Temps estim\u00e9 \u00e0 la lecture \" \/>\n\t<meta name=\"twitter:data1\" content=\"1 minute\" \/>\n<!-- \/ Yoast SEO plugin. -->","yoast_head_json":{"title":"Forum ex\u00e9cutif SIA 2023 Am\u00e9rique du Nord &#8211; People2.0 | Global","robots":{"index":"index","follow":"follow","max-snippet":"max-snippet:-1","max-image-preview":"max-image-preview:large","max-video-preview":"max-video-preview:-1"},"canonical":"https:\/\/www.people20.com\/fr-ca\/event\/2023-sia-executive-forum-north-america\/","og_locale":"fr_CA","og_type":"article","og_title":"Forum ex\u00e9cutif SIA 2023 Am\u00e9rique du Nord &#8211; People2.0 | Global","og_description":"6-9 mars 2023H\u00f4tel FontainebleauMiami, FL","og_url":"https:\/\/www.people20.com\/fr-ca\/event\/2023-sia-executive-forum-north-america\/","og_site_name":"People2.0 | Global","article_modified_time":"2025-10-23T18:26:31+00:00","og_image":[{"width":1000,"height":675,"url":"https:\/\/www.people20.com\/wp-content\/uploads\/2025\/09\/default-featured-blog-image-e1759425826602.png","type":"image\/png"}],"twitter_card":"summary_large_image","twitter_misc":{"Temps estim\u00e9 \u00e0 la lecture ":"1 minute"},"schema":{"@context":"https:\/\/schema.org","@graph":[{"@type":"WebPage","@id":"https:\/\/www.people20.com\/fr-ca\/event\/2023-sia-executive-forum-north-america\/","url":"https:\/\/www.people20.com\/fr-ca\/event\/2023-sia-executive-forum-north-america\/","name":"Forum ex\u00e9cutif SIA 2023 Am\u00e9rique du Nord &#8211; People2.0 | Global","isPartOf":{"@id":"https:\/\/www.people20.com\/fr-ca\/#website"},"primaryImageOfPage":{"@id":"https:\/\/www.people20.com\/fr-ca\/event\/2023-sia-executive-forum-north-america\/#primaryimage"},"image":{"@id":"https:\/\/www.people20.com\/fr-ca\/event\/2023-sia-executive-forum-north-america\/#primaryimage"},"thumbnailUrl":"https:\/\/www.people20.com\/wp-content\/uploads\/2025\/09\/default-featured-blog-image-e1759425826602.png","datePublished":"2022-12-06T19:34:44+00:00","dateModified":"2025-10-23T18:26:31+00:00","breadcrumb":{"@id":"https:\/\/www.people20.com\/fr-ca\/event\/2023-sia-executive-forum-north-america\/#breadcrumb"},"inLanguage":"fr-CA","potentialAction":[{"@type":"ReadAction","target":["https:\/\/www.people20.com\/fr-ca\/event\/2023-sia-executive-forum-north-america\/"]}]},{"@type":"ImageObject","inLanguage":"fr-CA","@id":"https:\/\/www.people20.com\/fr-ca\/event\/2023-sia-executive-forum-north-america\/#primaryimage","url":"https:\/\/www.people20.com\/wp-content\/uploads\/2025\/09\/default-featured-blog-image-e1759425826602.png","contentUrl":"https:\/\/www.people20.com\/wp-content\/uploads\/2025\/09\/default-featured-blog-image-e1759425826602.png","width":1000,"height":675},{"@type":"BreadcrumbList","@id":"https:\/\/www.people20.com\/fr-ca\/event\/2023-sia-executive-forum-north-america\/#breadcrumb","itemListElement":[{"@type":"ListItem","position":1,"name":"Home","item":"https:\/\/www.people20.com\/fr-ca\/home\/"},{"@type":"ListItem","position":2,"name":"\u00c9v\u00e9nements","item":"https:\/\/www.people20.com\/fr-ca\/knowledges-archive\/"},{"@type":"ListItem","position":3,"name":"Forum ex\u00e9cutif SIA 2023 Am\u00e9rique du Nord"}]},{"@type":"WebSite","@id":"https:\/\/www.people20.com\/fr-ca\/#website","url":"https:\/\/www.people20.com\/fr-ca\/","name":"People2.0 | Global","description":"Global employment, simplified.","publisher":{"@id":"https:\/\/www.people20.com\/fr-ca\/#organization"},"potentialAction":[{"@type":"SearchAction","target":{"@type":"EntryPoint","urlTemplate":"https:\/\/www.people20.com\/fr-ca\/?s={search_term_string}"},"query-input":{"@type":"PropertyValueSpecification","valueRequired":true,"valueName":"search_term_string"}}],"inLanguage":"fr-CA"},{"@type":"Organization","@id":"https:\/\/www.people20.com\/fr-ca\/#organization","name":"People2.0 | Global","url":"https:\/\/www.people20.com\/fr-ca\/","logo":{"@type":"ImageObject","inLanguage":"fr-CA","@id":"https:\/\/www.people20.com\/fr-ca\/#\/schema\/logo\/image\/","url":"https:\/\/www.people20.com\/wp-content\/uploads\/2025\/05\/people20-logo.svg","contentUrl":"https:\/\/www.people20.com\/wp-content\/uploads\/2025\/05\/people20-logo.svg","caption":"People2.0 | Global"},"image":{"@id":"https:\/\/www.people20.com\/fr-ca\/#\/schema\/logo\/image\/"}}]}},"_links":{"self":[{"href":"https:\/\/www.people20.com\/fr-ca\/wp-json\/wp\/v2\/event\/28699","targetHints":{"allow":["GET"]}}],"collection":[{"href":"https:\/\/www.people20.com\/fr-ca\/wp-json\/wp\/v2\/event"}],"about":[{"href":"https:\/\/www.people20.com\/fr-ca\/wp-json\/wp\/v2\/types\/event"}],"author":[{"embeddable":true,"href":"https:\/\/www.people20.com\/fr-ca\/wp-json\/wp\/v2\/users\/3"}],"version-history":[{"count":1,"href":"https:\/\/www.people20.com\/fr-ca\/wp-json\/wp\/v2\/event\/28699\/revisions"}],"predecessor-version":[{"id":28700,"href":"https:\/\/www.people20.com\/fr-ca\/wp-json\/wp\/v2\/event\/28699\/revisions\/28700"}],"wp:featuredmedia":[{"embeddable":true,"href":"https:\/\/www.people20.com\/fr-ca\/wp-json\/wp\/v2\/media\/27453"}],"wp:attachment":[{"href":"https:\/\/www.people20.com\/fr-ca\/wp-json\/wp\/v2\/media?parent=28699"}],"wp:term":[{"taxonomy":"category","embeddable":true,"href":"https:\/\/www.people20.com\/fr-ca\/wp-json\/wp\/v2\/categories?post=28699"},{"taxonomy":"post_tag","embeddable":true,"href":"https:\/\/www.people20.com\/fr-ca\/wp-json\/wp\/v2\/tags?post=28699"},{"taxonomy":"regional_locations","embeddable":true,"href":"https:\/\/www.people20.com\/fr-ca\/wp-json\/wp\/v2\/regional_locations?post=28699"}],"curies":[{"name":"wp","href":"https:\/\/api.w.org\/{rel}","templated":true}]}}

Forum exécutif SIA 2023 Amérique du Nord

<div style="height:20px" aria-hidden="true" class="wp-block-spacer"></div>

<p>Joignez-vous à Pat McCall, directrice mondiale des revenus de People2.0, lors d’un panel de leaders de l’industrie lors du SIA Executive Forum le mercredi 8 mars 2023, de 11 h 45 à 12 h 30 HNE. </p>

<p><strong>L’avenir des services de conformité des employeurs de dossiers et de la CI</strong></p>

<p>La SIA estime que les dépenses pour les travailleurs autonomes sont plus de quatre fois supérieures aux dépenses annuelles consacrées au personnel temporaire. De plus en plus de grandes entreprises cherchent des moyens innovants et conformes pour engager cette population de travailleurs. Le service de paie était autrefois considéré comme un coin tranquille et à faible marge du marché. Cependant, à la suite de la pandémie et de la montée du télétravail, elle s’est imposée comme un employeur de référence (EOR) et a donné naissance à des licornes technologiques avec des valorisations supérieures à 1 milliard de dollars. Qu’est-ce qui alimente cette tendance et où va-t-elle aller ensuite? Nous explorons les opportunités, les menaces et les perspectives pour ce segment nouvellement dynamisé de l’industrie.     </p>

<p><strong>Connectez-vous avec nous au Forum exécutif!</strong></p>

<p class="globalpowerCTA has-black-color has-text-color"><a href="https://web.cvent.com/event/4f1ce580-304b-4c6a-8220-9ed510f5aac7/websitePage:2a28f077-cacd-4a03-b7cb-9050b5e1c526" target="_blank" rel="noreferrer noopener">Inscrivez-vous dès aujourd’hui</a></p>

<p>6-9 mars 2023<br />Hôtel Fontainebleau<br />Miami, FL</p>

<!-- This site is optimized with the Yoast SEO plugin v27.4 - https://yoast.com/product/yoast-seo-wordpress/ -->
<title>Forum exécutif SIA 2023 Amérique du Nord &#8211; People2.0 | Global</title>
<meta name="robots" content="index, follow, max-snippet:-1, max-image-preview:large, max-video-preview:-1" />
<link rel="canonical" href="https://www.people20.com/fr-ca/event/2023-sia-executive-forum-north-america/" />
<meta property="og:locale" content="fr_CA" />
<meta property="og:type" content="article" />
<meta property="og:title" content="Forum exécutif SIA 2023 Amérique du Nord &#8211; People2.0 | Global" />
<meta property="og:description" content="6-9 mars 2023Hôtel FontainebleauMiami, FL" />
<meta property="og:url" content="https://www.people20.com/fr-ca/event/2023-sia-executive-forum-north-america/" />
<meta property="og:site_name" content="People2.0 | Global" />
<meta property="article:modified_time" content="2025-10-23T18:26:31+00:00" />
<meta property="og:image" content="https://www.people20.com/wp-content/uploads/2025/09/default-featured-blog-image-e1759425826602.png" />
	<meta property="og:image:width" content="1000" />
	<meta property="og:image:height" content="675" />
	<meta property="og:image:type" content="image/png" />
<meta name="twitter:card" content="summary_large_image" />
<meta name="twitter:label1" content="Temps estimé à la lecture " />
	<meta name="twitter:data1" content="1 minute" />
<!-- / Yoast SEO plugin. -->

Forum exécutif SIA 2023 Amérique du Nord &#8211; People2.0 | Global

6-9 mars 2023Hôtel FontainebleauMiami, FL

Événements
