{"id":24721,"date":"2022-12-06T14:34:44","date_gmt":"2022-12-06T19:34:44","guid":{"rendered":"https:\/\/www.people20.com\/event\/2023-sia-executive-forum-norteamerica\/"},"modified":"2025-10-23T14:26:31","modified_gmt":"2025-10-23T18:26:31","slug":"2023-sia-executive-forum-north-america","status":"publish","type":"event","link":"https:\/\/www.people20.com\/es\/event\/2023-sia-executive-forum-north-america\/","title":{"rendered":"2023 SIA Executive Forum Norteam\u00e9rica"},"content":{"rendered":"\n<div style=\"height:20px\" aria-hidden=\"true\" class=\"wp-block-spacer\"><\/div>\n\n<p>\u00danase a Pat McCall, Director Global de Ingresos de People2.0, en un panel de l\u00edderes del sector en el Foro Ejecutivo de la SIA el mi\u00e9rcoles 8 de marzo de 2023, de 11:45 a 12:30 EST. <\/p>\n\n<p><strong>El futuro del empleador registrado y de los servicios de cumplimiento de la CI<\/strong><\/p>\n\n<p>La SIA estima que el gasto en contratistas independientes es m\u00e1s de cuatro veces superior al gasto anual en personal temporal. Cada vez son m\u00e1s las grandes empresas que buscan formas innovadoras y conformes de contratar a esta poblaci\u00f3n de trabajadores. El servicio de n\u00f3minas se consideraba antes un rinc\u00f3n del mercado tranquilo y de escaso margen. Sin embargo, a ra\u00edz de la pandemia y el aumento del trabajo a distancia, ha surgido como un empleador de servicios de registro (EOR) y ha dado lugar a unicornios tecnol\u00f3gicos con valoraciones superiores a 1.000 millones de d\u00f3lares. \u00bfQu\u00e9 impulsa esta tendencia y hacia d\u00f3nde se dirige? Analizamos las oportunidades, las amenazas y las perspectivas de este nuevo y vigorizado segmento de la industria.     <\/p>\n\n<p><strong>Con\u00e9ctese con nosotros en el Foro de Ejecutivos<\/strong><\/p>\n\n<p class=\"globalpowerCTA has-black-color has-text-color\"><a href=\"https:\/\/web.cvent.com\/event\/4f1ce580-304b-4c6a-8220-9ed510f5aac7\/websitePage:2a28f077-cacd-4a03-b7cb-9050b5e1c526\" target=\"_blank\" rel=\"noreferrer noopener\">Reg\u00edstrese hoy<\/a><\/p>\n","protected":false},"excerpt":{"rendered":"<p>6-9 de marzo de 2023<br \/>Fontainebleau Hotel<br \/>Miami, FL<\/p>\n","protected":false},"author":3,"featured_media":22448,"menu_order":0,"template":"","format":"standard","meta":{"_acf_changed":false,"content-type":"","footnotes":""},"categories":[1252,1348,1352,1180],"tags":[],"regional_locations":[1784],"class_list":["post-24721","event","type-event","status-publish","format-standard","has-post-thumbnail","hentry","category-canada-es","category-events-es","category-export-es","category-us-es","regional_locations-americas-es"],"acf":[],"yoast_head":"<!-- This site is optimized with the Yoast SEO plugin v27.4 - https:\/\/yoast.com\/product\/yoast-seo-wordpress\/ -->\n<title>2023 SIA Executive Forum Norteam\u00e9rica &#8211; People2.0 | Global%.<\/title>\n<meta name=\"robots\" content=\"index, follow, max-snippet:-1, max-image-preview:large, max-video-preview:-1\" \/>\n<link rel=\"canonical\" href=\"https:\/\/www.people20.com\/es\/event\/2023-sia-executive-forum-north-america\/\" \/>\n<meta property=\"og:locale\" content=\"es_ES\" \/>\n<meta property=\"og:type\" content=\"article\" \/>\n<meta property=\"og:title\" content=\"2023 SIA Executive Forum Norteam\u00e9rica &#8211; People2.0 | Global%.\" \/>\n<meta property=\"og:description\" content=\"6-9 de marzo de 2023Fontainebleau HotelMiami, FL\" \/>\n<meta property=\"og:url\" content=\"https:\/\/www.people20.com\/es\/event\/2023-sia-executive-forum-north-america\/\" \/>\n<meta property=\"og:site_name\" content=\"People2.0 | Global\" \/>\n<meta property=\"article:modified_time\" content=\"2025-10-23T18:26:31+00:00\" \/>\n<meta property=\"og:image\" content=\"https:\/\/www.people20.com\/wp-content\/uploads\/2025\/09\/default-featured-blog-image-e1759425826602.png\" \/>\n\t<meta property=\"og:image:width\" content=\"2000\" \/>\n\t<meta property=\"og:image:height\" content=\"1350\" \/>\n\t<meta property=\"og:image:type\" content=\"image\/png\" \/>\n<meta name=\"twitter:card\" content=\"summary_large_image\" \/>\n<meta name=\"twitter:label1\" content=\"Tiempo de lectura\" \/>\n\t<meta name=\"twitter:data1\" content=\"1 minuto\" \/>\n<!-- \/ Yoast SEO plugin. -->","yoast_head_json":{"title":"2023 SIA Executive Forum Norteam\u00e9rica &#8211; People2.0 | Global%.","robots":{"index":"index","follow":"follow","max-snippet":"max-snippet:-1","max-image-preview":"max-image-preview:large","max-video-preview":"max-video-preview:-1"},"canonical":"https:\/\/www.people20.com\/es\/event\/2023-sia-executive-forum-north-america\/","og_locale":"es_ES","og_type":"article","og_title":"2023 SIA Executive Forum Norteam\u00e9rica &#8211; People2.0 | Global%.","og_description":"6-9 de marzo de 2023Fontainebleau HotelMiami, FL","og_url":"https:\/\/www.people20.com\/es\/event\/2023-sia-executive-forum-north-america\/","og_site_name":"People2.0 | Global","article_modified_time":"2025-10-23T18:26:31+00:00","og_image":[{"width":2000,"height":1350,"url":"https:\/\/www.people20.com\/wp-content\/uploads\/2025\/09\/default-featured-blog-image-e1759425826602.png","type":"image\/png"}],"twitter_card":"summary_large_image","twitter_misc":{"Tiempo de lectura":"1 minuto"},"schema":{"@context":"https:\/\/schema.org","@graph":[{"@type":"WebPage","@id":"https:\/\/www.people20.com\/es\/event\/2023-sia-executive-forum-north-america\/","url":"https:\/\/www.people20.com\/es\/event\/2023-sia-executive-forum-north-america\/","name":"2023 SIA Executive Forum Norteam\u00e9rica &#8211; People2.0 | Global%.","isPartOf":{"@id":"https:\/\/www.people20.com\/es\/#website"},"primaryImageOfPage":{"@id":"https:\/\/www.people20.com\/es\/event\/2023-sia-executive-forum-north-america\/#primaryimage"},"image":{"@id":"https:\/\/www.people20.com\/es\/event\/2023-sia-executive-forum-north-america\/#primaryimage"},"thumbnailUrl":"https:\/\/www.people20.com\/wp-content\/uploads\/2025\/09\/default-featured-blog-image-e1759425826602.png","datePublished":"2022-12-06T19:34:44+00:00","dateModified":"2025-10-23T18:26:31+00:00","breadcrumb":{"@id":"https:\/\/www.people20.com\/es\/event\/2023-sia-executive-forum-north-america\/#breadcrumb"},"inLanguage":"es","potentialAction":[{"@type":"ReadAction","target":["https:\/\/www.people20.com\/es\/event\/2023-sia-executive-forum-north-america\/"]}]},{"@type":"ImageObject","inLanguage":"es","@id":"https:\/\/www.people20.com\/es\/event\/2023-sia-executive-forum-north-america\/#primaryimage","url":"https:\/\/www.people20.com\/wp-content\/uploads\/2025\/09\/default-featured-blog-image-e1759425826602.png","contentUrl":"https:\/\/www.people20.com\/wp-content\/uploads\/2025\/09\/default-featured-blog-image-e1759425826602.png","width":2000,"height":1350},{"@type":"BreadcrumbList","@id":"https:\/\/www.people20.com\/es\/event\/2023-sia-executive-forum-north-america\/#breadcrumb","itemListElement":[{"@type":"ListItem","position":1,"name":"Home","item":"https:\/\/www.people20.com\/es\/"},{"@type":"ListItem","position":2,"name":"Eventos","item":"https:\/\/www.people20.com\/es\/knowledges-archive\/"},{"@type":"ListItem","position":3,"name":"2023 SIA Executive Forum Norteam\u00e9rica"}]},{"@type":"WebSite","@id":"https:\/\/www.people20.com\/es\/#website","url":"https:\/\/www.people20.com\/es\/","name":"People2.0 | Global","description":"Global employment, simplified.","publisher":{"@id":"https:\/\/www.people20.com\/es\/#organization"},"potentialAction":[{"@type":"SearchAction","target":{"@type":"EntryPoint","urlTemplate":"https:\/\/www.people20.com\/es\/?s={search_term_string}"},"query-input":{"@type":"PropertyValueSpecification","valueRequired":true,"valueName":"search_term_string"}}],"inLanguage":"es"},{"@type":"Organization","@id":"https:\/\/www.people20.com\/es\/#organization","name":"People2.0 | Global","url":"https:\/\/www.people20.com\/es\/","logo":{"@type":"ImageObject","inLanguage":"es","@id":"https:\/\/www.people20.com\/es\/#\/schema\/logo\/image\/","url":"https:\/\/www.people20.com\/wp-content\/uploads\/2025\/05\/people20-logo.svg","contentUrl":"https:\/\/www.people20.com\/wp-content\/uploads\/2025\/05\/people20-logo.svg","caption":"People2.0 | Global"},"image":{"@id":"https:\/\/www.people20.com\/es\/#\/schema\/logo\/image\/"}}]}},"_links":{"self":[{"href":"https:\/\/www.people20.com\/es\/wp-json\/wp\/v2\/event\/24721","targetHints":{"allow":["GET"]}}],"collection":[{"href":"https:\/\/www.people20.com\/es\/wp-json\/wp\/v2\/event"}],"about":[{"href":"https:\/\/www.people20.com\/es\/wp-json\/wp\/v2\/types\/event"}],"author":[{"embeddable":true,"href":"https:\/\/www.people20.com\/es\/wp-json\/wp\/v2\/users\/3"}],"version-history":[{"count":1,"href":"https:\/\/www.people20.com\/es\/wp-json\/wp\/v2\/event\/24721\/revisions"}],"predecessor-version":[{"id":24723,"href":"https:\/\/www.people20.com\/es\/wp-json\/wp\/v2\/event\/24721\/revisions\/24723"}],"wp:featuredmedia":[{"embeddable":true,"href":"https:\/\/www.people20.com\/es\/wp-json\/wp\/v2\/media\/22448"}],"wp:attachment":[{"href":"https:\/\/www.people20.com\/es\/wp-json\/wp\/v2\/media?parent=24721"}],"wp:term":[{"taxonomy":"category","embeddable":true,"href":"https:\/\/www.people20.com\/es\/wp-json\/wp\/v2\/categories?post=24721"},{"taxonomy":"post_tag","embeddable":true,"href":"https:\/\/www.people20.com\/es\/wp-json\/wp\/v2\/tags?post=24721"},{"taxonomy":"regional_locations","embeddable":true,"href":"https:\/\/www.people20.com\/es\/wp-json\/wp\/v2\/regional_locations?post=24721"}],"curies":[{"name":"wp","href":"https:\/\/api.w.org\/{rel}","templated":true}]}}

2023 SIA Executive Forum Norteamérica

<div style="height:20px" aria-hidden="true" class="wp-block-spacer"></div>

<p>Únase a Pat McCall, Director Global de Ingresos de People2.0, en un panel de líderes del sector en el Foro Ejecutivo de la SIA el miércoles 8 de marzo de 2023, de 11:45 a 12:30 EST. </p>

<p><strong>El futuro del empleador registrado y de los servicios de cumplimiento de la CI</strong></p>

<p>La SIA estima que el gasto en contratistas independientes es más de cuatro veces superior al gasto anual en personal temporal. Cada vez son más las grandes empresas que buscan formas innovadoras y conformes de contratar a esta población de trabajadores. El servicio de nóminas se consideraba antes un rincón del mercado tranquilo y de escaso margen. Sin embargo, a raíz de la pandemia y el aumento del trabajo a distancia, ha surgido como un empleador de servicios de registro (EOR) y ha dado lugar a unicornios tecnológicos con valoraciones superiores a 1.000 millones de dólares. ¿Qué impulsa esta tendencia y hacia dónde se dirige? Analizamos las oportunidades, las amenazas y las perspectivas de este nuevo y vigorizado segmento de la industria.     </p>

<p><strong>Conéctese con nosotros en el Foro de Ejecutivos</strong></p>

<p class="globalpowerCTA has-black-color has-text-color"><a href="https://web.cvent.com/event/4f1ce580-304b-4c6a-8220-9ed510f5aac7/websitePage:2a28f077-cacd-4a03-b7cb-9050b5e1c526" target="_blank" rel="noreferrer noopener">Regístrese hoy</a></p>

<!-- This site is optimized with the Yoast SEO plugin v27.4 - https://yoast.com/product/yoast-seo-wordpress/ -->
<title>2023 SIA Executive Forum Norteamérica &#8211; People2.0 | Global%.</title>
<meta name="robots" content="index, follow, max-snippet:-1, max-image-preview:large, max-video-preview:-1" />
<link rel="canonical" href="https://www.people20.com/es/event/2023-sia-executive-forum-north-america/" />
<meta property="og:locale" content="es_ES" />
<meta property="og:type" content="article" />
<meta property="og:title" content="2023 SIA Executive Forum Norteamérica &#8211; People2.0 | Global%." />
<meta property="og:description" content="6-9 de marzo de 2023Fontainebleau HotelMiami, FL" />
<meta property="og:url" content="https://www.people20.com/es/event/2023-sia-executive-forum-north-america/" />
<meta property="og:site_name" content="People2.0 | Global" />
<meta property="article:modified_time" content="2025-10-23T18:26:31+00:00" />
<meta property="og:image" content="https://www.people20.com/wp-content/uploads/2025/09/default-featured-blog-image-e1759425826602.png" />
	<meta property="og:image:width" content="2000" />
	<meta property="og:image:height" content="1350" />
	<meta property="og:image:type" content="image/png" />
<meta name="twitter:card" content="summary_large_image" />
<meta name="twitter:label1" content="Tiempo de lectura" />
	<meta name="twitter:data1" content="1 minuto" />
<!-- / Yoast SEO plugin. -->

2023 SIA Executive Forum Norteamérica &#8211; People2.0 | Global%.
