{"id":24665,"date":"2022-08-13T19:33:04","date_gmt":"2022-08-13T23:33:04","guid":{"rendered":"https:\/\/www.people20.com\/event\/foro-ejecutivo-sia-emea-2022\/"},"modified":"2025-10-23T14:26:38","modified_gmt":"2025-10-23T18:26:38","slug":"sia-executive-forum-emea-2022","status":"publish","type":"event","link":"https:\/\/www.people20.com\/es\/event\/sia-executive-forum-emea-2022\/","title":{"rendered":"Foro Ejecutivo SIA EMEA 2022"},"content":{"rendered":"\n<p><span data-contrast=\"auto\">Como mayor proveedor mundial de servicios de empleador de registro (EOR) y agente de registro (AOR), nos complace ser patrocinadores del Executive Forum Europe de la SIA que se celebrar\u00e1 en Londres los d\u00edas 6 y 7 de diciembre de 2022.Con\u00e9ctese con nuestro equipo de expertos de la industria para aprender c\u00f3mo la externalizaci\u00f3n de su back-office a People2.0 puede mitigar su riesgo e impulsar su crecimiento. <\/span><\/p>\n\n<p><span data-contrast=\"auto\">Acomp\u00e1\u00f1enos en el foro y aseg\u00farese de incluirnos en su agenda:  <\/span><\/p>\n\n<ul class=\"wp-block-list\">\n<li><span data-contrast=\"auto\"><strong>Reuniones individuales<\/strong> &#8211; Concierte una cita con nuestros expertos del sector.  <\/span><\/li>\n\n\n\n<li><span data-contrast=\"auto\"><strong>Sala de exposiciones<\/strong> &#8211; Pase por nuestro stand para charlar con nuestro equipo.  <\/span><\/li>\n\n\n\n<li><span data-contrast=\"auto\"><strong>Sesi\u00f3n de Ideas en Acci\u00f3n<\/strong> &#8211; Venga a <strong>\u00abAlerta roja: su cadena de suministro de mano de obra temporal est\u00e1 rota\u00bb.<\/strong><\/span> <span data-contrast=\"auto\">Andrew Fahey, Vicepresidente Ejecutivo de Soluciones para Contratistas Independientes, hablar\u00e1 de la econom\u00eda COVID y de las crecientes exigencias que plantea al cumplimiento de la normativa y a la cadena de suministro el 6 de diciembre a las 15:15.<\/span><\/li>\n\n\n\n<li><span data-contrast=\"auto\">Mesa <strong>redonda<\/strong> &#8211; No se pierda la mesa redonda \u00ab<strong>La evoluci\u00f3n de los servicios de n\u00f3minas en la era digital<\/strong>\u00bb el 7 de diciembre a las 9:00 h con nuestro CRO mundial Pat McCall.  <\/span><\/li>\n<\/ul>\n\n<p class=\"globalpowerCTA has-black-color has-text-color\"><a href=\"https:\/\/web.cvent.com\/event\/f38c3252-1a34-41d4-98de-9f620d4b330c\/websitePage:2f3458b8-76ae-4daa-990f-4c1f73814ac7\" target=\"_blank\" rel=\"noreferrer noopener\">Reg\u00edstrese hoy<\/a><\/p>\n","protected":false},"excerpt":{"rendered":"<p>6-7 de diciembre de 2022<br \/>Londres<\/p>\n","protected":false},"author":1,"featured_media":22448,"menu_order":0,"template":"","format":"standard","meta":{"_acf_changed":false,"content-type":"","footnotes":""},"categories":[1348,1342],"tags":[],"regional_locations":[1794],"class_list":["post-24665","event","type-event","status-publish","format-standard","has-post-thumbnail","hentry","category-events-es","category-uk-es","regional_locations-emea-es"],"acf":[],"yoast_head":"<!-- This site is optimized with the Yoast SEO plugin v27.4 - https:\/\/yoast.com\/product\/yoast-seo-wordpress\/ -->\n<title>Foro Ejecutivo SIA EMEA 2022 &#8211; People2.0 | Global%.<\/title>\n<meta name=\"robots\" content=\"index, follow, max-snippet:-1, max-image-preview:large, max-video-preview:-1\" \/>\n<link rel=\"canonical\" href=\"https:\/\/www.people20.com\/es\/event\/sia-executive-forum-emea-2022\/\" \/>\n<meta property=\"og:locale\" content=\"es_ES\" \/>\n<meta property=\"og:type\" content=\"article\" \/>\n<meta property=\"og:title\" content=\"Foro Ejecutivo SIA EMEA 2022 &#8211; People2.0 | Global%.\" \/>\n<meta property=\"og:description\" content=\"6-7 de diciembre de 2022Londres\" \/>\n<meta property=\"og:url\" content=\"https:\/\/www.people20.com\/es\/event\/sia-executive-forum-emea-2022\/\" \/>\n<meta property=\"og:site_name\" content=\"People2.0 | Global\" \/>\n<meta property=\"article:modified_time\" content=\"2025-10-23T18:26:38+00:00\" \/>\n<meta property=\"og:image\" content=\"https:\/\/www.people20.com\/wp-content\/uploads\/2025\/09\/default-featured-blog-image-e1759425826602.png\" \/>\n\t<meta property=\"og:image:width\" content=\"2000\" \/>\n\t<meta property=\"og:image:height\" content=\"1350\" \/>\n\t<meta property=\"og:image:type\" content=\"image\/png\" \/>\n<meta name=\"twitter:card\" content=\"summary_large_image\" \/>\n<meta name=\"twitter:label1\" content=\"Tiempo de lectura\" \/>\n\t<meta name=\"twitter:data1\" content=\"1 minuto\" \/>\n<!-- \/ Yoast SEO plugin. -->","yoast_head_json":{"title":"Foro Ejecutivo SIA EMEA 2022 &#8211; People2.0 | Global%.","robots":{"index":"index","follow":"follow","max-snippet":"max-snippet:-1","max-image-preview":"max-image-preview:large","max-video-preview":"max-video-preview:-1"},"canonical":"https:\/\/www.people20.com\/es\/event\/sia-executive-forum-emea-2022\/","og_locale":"es_ES","og_type":"article","og_title":"Foro Ejecutivo SIA EMEA 2022 &#8211; People2.0 | Global%.","og_description":"6-7 de diciembre de 2022Londres","og_url":"https:\/\/www.people20.com\/es\/event\/sia-executive-forum-emea-2022\/","og_site_name":"People2.0 | Global","article_modified_time":"2025-10-23T18:26:38+00:00","og_image":[{"width":2000,"height":1350,"url":"https:\/\/www.people20.com\/wp-content\/uploads\/2025\/09\/default-featured-blog-image-e1759425826602.png","type":"image\/png"}],"twitter_card":"summary_large_image","twitter_misc":{"Tiempo de lectura":"1 minuto"},"schema":{"@context":"https:\/\/schema.org","@graph":[{"@type":"WebPage","@id":"https:\/\/www.people20.com\/es\/event\/sia-executive-forum-emea-2022\/","url":"https:\/\/www.people20.com\/es\/event\/sia-executive-forum-emea-2022\/","name":"Foro Ejecutivo SIA EMEA 2022 &#8211; People2.0 | Global%.","isPartOf":{"@id":"https:\/\/www.people20.com\/es\/#website"},"primaryImageOfPage":{"@id":"https:\/\/www.people20.com\/es\/event\/sia-executive-forum-emea-2022\/#primaryimage"},"image":{"@id":"https:\/\/www.people20.com\/es\/event\/sia-executive-forum-emea-2022\/#primaryimage"},"thumbnailUrl":"https:\/\/www.people20.com\/wp-content\/uploads\/2025\/09\/default-featured-blog-image-e1759425826602.png","datePublished":"2022-08-13T23:33:04+00:00","dateModified":"2025-10-23T18:26:38+00:00","breadcrumb":{"@id":"https:\/\/www.people20.com\/es\/event\/sia-executive-forum-emea-2022\/#breadcrumb"},"inLanguage":"es","potentialAction":[{"@type":"ReadAction","target":["https:\/\/www.people20.com\/es\/event\/sia-executive-forum-emea-2022\/"]}]},{"@type":"ImageObject","inLanguage":"es","@id":"https:\/\/www.people20.com\/es\/event\/sia-executive-forum-emea-2022\/#primaryimage","url":"https:\/\/www.people20.com\/wp-content\/uploads\/2025\/09\/default-featured-blog-image-e1759425826602.png","contentUrl":"https:\/\/www.people20.com\/wp-content\/uploads\/2025\/09\/default-featured-blog-image-e1759425826602.png","width":2000,"height":1350},{"@type":"BreadcrumbList","@id":"https:\/\/www.people20.com\/es\/event\/sia-executive-forum-emea-2022\/#breadcrumb","itemListElement":[{"@type":"ListItem","position":1,"name":"Home","item":"https:\/\/www.people20.com\/es\/"},{"@type":"ListItem","position":2,"name":"Eventos","item":"https:\/\/www.people20.com\/es\/knowledges-archive\/"},{"@type":"ListItem","position":3,"name":"Foro Ejecutivo SIA EMEA 2022"}]},{"@type":"WebSite","@id":"https:\/\/www.people20.com\/es\/#website","url":"https:\/\/www.people20.com\/es\/","name":"People2.0 | Global","description":"Global employment, simplified.","publisher":{"@id":"https:\/\/www.people20.com\/es\/#organization"},"potentialAction":[{"@type":"SearchAction","target":{"@type":"EntryPoint","urlTemplate":"https:\/\/www.people20.com\/es\/?s={search_term_string}"},"query-input":{"@type":"PropertyValueSpecification","valueRequired":true,"valueName":"search_term_string"}}],"inLanguage":"es"},{"@type":"Organization","@id":"https:\/\/www.people20.com\/es\/#organization","name":"People2.0 | Global","url":"https:\/\/www.people20.com\/es\/","logo":{"@type":"ImageObject","inLanguage":"es","@id":"https:\/\/www.people20.com\/es\/#\/schema\/logo\/image\/","url":"https:\/\/www.people20.com\/wp-content\/uploads\/2025\/05\/people20-logo.svg","contentUrl":"https:\/\/www.people20.com\/wp-content\/uploads\/2025\/05\/people20-logo.svg","caption":"People2.0 | Global"},"image":{"@id":"https:\/\/www.people20.com\/es\/#\/schema\/logo\/image\/"}}]}},"_links":{"self":[{"href":"https:\/\/www.people20.com\/es\/wp-json\/wp\/v2\/event\/24665","targetHints":{"allow":["GET"]}}],"collection":[{"href":"https:\/\/www.people20.com\/es\/wp-json\/wp\/v2\/event"}],"about":[{"href":"https:\/\/www.people20.com\/es\/wp-json\/wp\/v2\/types\/event"}],"author":[{"embeddable":true,"href":"https:\/\/www.people20.com\/es\/wp-json\/wp\/v2\/users\/1"}],"version-history":[{"count":1,"href":"https:\/\/www.people20.com\/es\/wp-json\/wp\/v2\/event\/24665\/revisions"}],"predecessor-version":[{"id":24667,"href":"https:\/\/www.people20.com\/es\/wp-json\/wp\/v2\/event\/24665\/revisions\/24667"}],"wp:featuredmedia":[{"embeddable":true,"href":"https:\/\/www.people20.com\/es\/wp-json\/wp\/v2\/media\/22448"}],"wp:attachment":[{"href":"https:\/\/www.people20.com\/es\/wp-json\/wp\/v2\/media?parent=24665"}],"wp:term":[{"taxonomy":"category","embeddable":true,"href":"https:\/\/www.people20.com\/es\/wp-json\/wp\/v2\/categories?post=24665"},{"taxonomy":"post_tag","embeddable":true,"href":"https:\/\/www.people20.com\/es\/wp-json\/wp\/v2\/tags?post=24665"},{"taxonomy":"regional_locations","embeddable":true,"href":"https:\/\/www.people20.com\/es\/wp-json\/wp\/v2\/regional_locations?post=24665"}],"curies":[{"name":"wp","href":"https:\/\/api.w.org\/{rel}","templated":true}]}}

<p><span data-contrast="auto">Como mayor proveedor mundial de servicios de empleador de registro (EOR) y agente de registro (AOR), nos complace ser patrocinadores del Executive Forum Europe de la SIA que se celebrará en Londres los días 6 y 7 de diciembre de 2022.Conéctese con nuestro equipo de expertos de la industria para aprender cómo la externalización de su back-office a People2.0 puede mitigar su riesgo e impulsar su crecimiento. </span></p>

<p><span data-contrast="auto">Acompáñenos en el foro y asegúrese de incluirnos en su agenda:  </span></p>

<ul class="wp-block-list">
<li><span data-contrast="auto"><strong>Reuniones individuales</strong> &#8211; Concierte una cita con nuestros expertos del sector.  </span></li>



<li><span data-contrast="auto"><strong>Sala de exposiciones</strong> &#8211; Pase por nuestro stand para charlar con nuestro equipo.  </span></li>



<li><span data-contrast="auto"><strong>Sesión de Ideas en Acción</strong> &#8211; Venga a <strong>«Alerta roja: su cadena de suministro de mano de obra temporal está rota».</strong></span> <span data-contrast="auto">Andrew Fahey, Vicepresidente Ejecutivo de Soluciones para Contratistas Independientes, hablará de la economía COVID y de las crecientes exigencias que plantea al cumplimiento de la normativa y a la cadena de suministro el 6 de diciembre a las 15:15.</span></li>



<li><span data-contrast="auto">Mesa <strong>redonda</strong> &#8211; No se pierda la mesa redonda «<strong>La evolución de los servicios de nóminas en la era digital</strong>» el 7 de diciembre a las 9:00 h con nuestro CRO mundial Pat McCall.  </span></li>
</ul>

<p class="globalpowerCTA has-black-color has-text-color"><a href="https://web.cvent.com/event/f38c3252-1a34-41d4-98de-9f620d4b330c/websitePage:2f3458b8-76ae-4daa-990f-4c1f73814ac7" target="_blank" rel="noreferrer noopener">Regístrese hoy</a></p>
