{"id":24828,"date":"2024-11-08T16:44:08","date_gmt":"2024-11-08T21:44:08","guid":{"rendered":"https:\/\/www.people20.com\/event\/sia-executive-forum-europa-2024\/"},"modified":"2025-10-23T14:26:20","modified_gmt":"2025-10-23T18:26:20","slug":"sia-executive-forum-europe-2024","status":"publish","type":"event","link":"https:\/\/www.people20.com\/de\/event\/sia-executive-forum-europe-2024\/","title":{"rendered":"SIA Executive Forum Europa 2024"},"content":{"rendered":"\n<div style=\"height:20px\" aria-hidden=\"true\" class=\"wp-block-spacer\"><\/div>\n\n<p class=\"has-black-color has-text-color has-link-color wp-elements-668f4ca840e0249b0709a2ab6adc2a8f\">Nehmen Sie teil an der wichtigsten Veranstaltung des Jahres f\u00fcr F\u00fchrungskr\u00e4fte in der europ\u00e4ischen Personaldienstleistungsbranche. Das SIA Executive Forum Europe bringt F\u00fchrungskr\u00e4fte aus der Personalbranche aus der ganzen Welt f\u00fcr zwei Tage voller Inspiration, Networking und strategischer Erkenntnisse zusammen.   <\/p>\n\n<p class=\"globalpowerCTA has-black-color has-text-color\"><a href=\"https:\/\/web.cvent.com\/event\/7510ca7e-bfcf-4693-b451-acdf0fc3bc6a\/websitePage:2f3458b8-76ae-4daa-990f-4c1f73814ac7\" target=\"_blank\" rel=\"noreferrer noopener\">Heute anmelden<\/a><\/p>\n\n<h3 class=\"wp-block-heading has-text-color has-link-color wp-elements-e2400bee9e446c6596c11d34a8966631\" style=\"color:#056892\">Warum eine Partnerschaft mit People2.0?  <\/h3>\n\n<ul class=\"wp-block-list\">\n<li><strong>Erweitern Sie Ihre globale Reichweite:<\/strong> Nutzen Sie unsere internationale Infrastruktur, um Arbeitnehmer weltweit unter Einhaltung aller Vorschriften zu vermitteln.  <\/li>\n\n\n\n<li><strong>Rationalisierung der Abl\u00e4ufe:<\/strong> Lagern Sie Back-Office-Aufgaben aus und konzentrieren Sie sich auf das Wachstum Ihres Kerngesch\u00e4fts und Ihre Kundenbeziehungen.  <\/li>\n\n\n\n<li><strong>Risiken mindern:<\/strong> Gew\u00e4hrleisten Sie die korrekte Klassifizierung von Arbeitnehmern und die Einhaltung von Vorschriften in verschiedenen Rechtsordnungen.  <\/li>\n<\/ul>\n\n<div style=\"height:15px\" aria-hidden=\"true\" class=\"wp-block-spacer\"><\/div>\n\n<h3 class=\"wp-block-heading has-text-color has-link-color wp-elements-a36b0fc9933158794dd05312d00cc7dc\" style=\"color:#056892\">Lassen Sie sich diese Gelegenheit nicht entgehen  <\/h3>\n\n<p>Reservieren Sie sich Zeit f\u00fcr ein Gespr\u00e4ch mit unseren Experten. Entdecken Sie, wie eine Partnerschaft mit People2.0 Ihr Workforce Management revolutionieren kann.   <\/p>\n\n<script type=\"text\/javascript\">\n_linkedin_partner_id = \"5027738\";\nwindow._linkedin_data_partner_ids = window._linkedin_data_partner_ids || [];\nwindow._linkedin_data_partner_ids.push(_linkedin_partner_id);\n<\/script><script type=\"text\/javascript\">\n(function(l) {\nif (!l){window.lintrk = function(a,b){window.lintrk.q.push([a,b])};\nwindow.lintrk.q=[]}\nvar s = document.getElementsByTagName(\"script\")[0];\nvar b = document.createElement(\"script\");\nb.type = \"text\/javascript\";b.async = true;\nb.src = \"https:\/\/snap.licdn.com\/li.lms-analytics\/insight.min.js\";\ns.parentNode.insertBefore(b, s);})(window.lintrk);\n<\/script>\n<noscript>\n<img decoding=\"async\" height=\"1\" width=\"1\" style=\"display:none;\" alt=\"\" src=\"https:\/\/px.ads.linkedin.com\/collect\/?pid=5027738&#038;fmt=gif\"\/>\n<\/noscript>\n","protected":false},"excerpt":{"rendered":"<p>4. bis 5. Dezember 2024<br \/>The Landmark Hotel<br \/>London, UK<\/p>\n","protected":false},"author":3,"featured_media":22447,"menu_order":0,"template":"","format":"standard","meta":{"_acf_changed":false,"content-type":"","footnotes":""},"categories":[1349,1340],"tags":[],"regional_locations":[1792,1802],"class_list":["post-24828","event","type-event","status-publish","format-standard","has-post-thumbnail","hentry","category-events-de","category-uk-de","regional_locations-emea-de","regional_locations-in-person-event-de"],"acf":[],"yoast_head":"<!-- This site is optimized with the Yoast SEO plugin v27.4 - https:\/\/yoast.com\/product\/yoast-seo-wordpress\/ -->\n<title>&#8211;<\/title>\n<meta name=\"robots\" content=\"index, follow, max-snippet:-1, max-image-preview:large, max-video-preview:-1\" \/>\n<link rel=\"canonical\" href=\"https:\/\/www.people20.com\/de\/event\/sia-executive-forum-europe-2024\/\" \/>\n<meta property=\"og:locale\" content=\"de_DE\" \/>\n<meta property=\"og:type\" content=\"article\" \/>\n<meta property=\"og:title\" content=\"&#8211;\" \/>\n<meta property=\"og:description\" content=\"4. bis 5. Dezember 2024The Landmark HotelLondon, UK\" \/>\n<meta property=\"og:url\" content=\"https:\/\/www.people20.com\/de\/event\/sia-executive-forum-europe-2024\/\" \/>\n<meta property=\"og:site_name\" content=\"People2.0 | Global\" \/>\n<meta property=\"article:modified_time\" content=\"2025-10-23T18:26:20+00:00\" \/>\n<meta property=\"og:image\" content=\"https:\/\/www.people20.com\/wp-content\/uploads\/2025\/09\/default-featured-blog-image-e1759425826602.png\" \/>\n\t<meta property=\"og:image:width\" content=\"2000\" \/>\n\t<meta property=\"og:image:height\" content=\"1350\" \/>\n\t<meta property=\"og:image:type\" content=\"image\/png\" \/>\n<meta name=\"twitter:card\" content=\"summary_large_image\" \/>\n<meta name=\"twitter:label1\" content=\"Gesch\u00e4tzte Lesezeit\" \/>\n\t<meta name=\"twitter:data1\" content=\"1\u00a0Minute\" \/>\n<!-- \/ Yoast SEO plugin. -->","yoast_head_json":{"title":"&#8211;","robots":{"index":"index","follow":"follow","max-snippet":"max-snippet:-1","max-image-preview":"max-image-preview:large","max-video-preview":"max-video-preview:-1"},"canonical":"https:\/\/www.people20.com\/de\/event\/sia-executive-forum-europe-2024\/","og_locale":"de_DE","og_type":"article","og_title":"&#8211;","og_description":"4. bis 5. Dezember 2024The Landmark HotelLondon, UK","og_url":"https:\/\/www.people20.com\/de\/event\/sia-executive-forum-europe-2024\/","og_site_name":"People2.0 | Global","article_modified_time":"2025-10-23T18:26:20+00:00","og_image":[{"width":2000,"height":1350,"url":"https:\/\/www.people20.com\/wp-content\/uploads\/2025\/09\/default-featured-blog-image-e1759425826602.png","type":"image\/png"}],"twitter_card":"summary_large_image","twitter_misc":{"Gesch\u00e4tzte Lesezeit":"1\u00a0Minute"},"schema":{"@context":"https:\/\/schema.org","@graph":[{"@type":"WebPage","@id":"https:\/\/www.people20.com\/de\/event\/sia-executive-forum-europe-2024\/","url":"https:\/\/www.people20.com\/de\/event\/sia-executive-forum-europe-2024\/","name":"&#8211;","isPartOf":{"@id":"https:\/\/www.people20.com\/de\/#website"},"primaryImageOfPage":{"@id":"https:\/\/www.people20.com\/de\/event\/sia-executive-forum-europe-2024\/#primaryimage"},"image":{"@id":"https:\/\/www.people20.com\/de\/event\/sia-executive-forum-europe-2024\/#primaryimage"},"thumbnailUrl":"https:\/\/www.people20.com\/wp-content\/uploads\/2025\/09\/default-featured-blog-image-e1759425826602.png","datePublished":"2024-11-08T21:44:08+00:00","dateModified":"2025-10-23T18:26:20+00:00","breadcrumb":{"@id":"https:\/\/www.people20.com\/de\/event\/sia-executive-forum-europe-2024\/#breadcrumb"},"inLanguage":"de","potentialAction":[{"@type":"ReadAction","target":["https:\/\/www.people20.com\/de\/event\/sia-executive-forum-europe-2024\/"]}]},{"@type":"ImageObject","inLanguage":"de","@id":"https:\/\/www.people20.com\/de\/event\/sia-executive-forum-europe-2024\/#primaryimage","url":"https:\/\/www.people20.com\/wp-content\/uploads\/2025\/09\/default-featured-blog-image-e1759425826602.png","contentUrl":"https:\/\/www.people20.com\/wp-content\/uploads\/2025\/09\/default-featured-blog-image-e1759425826602.png","width":2000,"height":1350},{"@type":"BreadcrumbList","@id":"https:\/\/www.people20.com\/de\/event\/sia-executive-forum-europe-2024\/#breadcrumb","itemListElement":[{"@type":"ListItem","position":1,"name":"Home","item":"https:\/\/www.people20.com\/de\/home\/"},{"@type":"ListItem","position":2,"name":"Veranstaltungen","item":"https:\/\/www.people20.com\/de\/knowledges-archive\/"},{"@type":"ListItem","position":3,"name":"SIA Executive Forum Europa 2024"}]},{"@type":"WebSite","@id":"https:\/\/www.people20.com\/de\/#website","url":"https:\/\/www.people20.com\/de\/","name":"People2.0 | Global","description":"Global employment, simplified.","publisher":{"@id":"https:\/\/www.people20.com\/de\/#organization"},"potentialAction":[{"@type":"SearchAction","target":{"@type":"EntryPoint","urlTemplate":"https:\/\/www.people20.com\/de\/?s={search_term_string}"},"query-input":{"@type":"PropertyValueSpecification","valueRequired":true,"valueName":"search_term_string"}}],"inLanguage":"de"},{"@type":"Organization","@id":"https:\/\/www.people20.com\/de\/#organization","name":"People2.0 | Global","url":"https:\/\/www.people20.com\/de\/","logo":{"@type":"ImageObject","inLanguage":"de","@id":"https:\/\/www.people20.com\/de\/#\/schema\/logo\/image\/","url":"https:\/\/www.people20.com\/wp-content\/uploads\/2025\/05\/people20-logo.svg","contentUrl":"https:\/\/www.people20.com\/wp-content\/uploads\/2025\/05\/people20-logo.svg","caption":"People2.0 | Global"},"image":{"@id":"https:\/\/www.people20.com\/de\/#\/schema\/logo\/image\/"}}]}},"_links":{"self":[{"href":"https:\/\/www.people20.com\/de\/wp-json\/wp\/v2\/event\/24828","targetHints":{"allow":["GET"]}}],"collection":[{"href":"https:\/\/www.people20.com\/de\/wp-json\/wp\/v2\/event"}],"about":[{"href":"https:\/\/www.people20.com\/de\/wp-json\/wp\/v2\/types\/event"}],"author":[{"embeddable":true,"href":"https:\/\/www.people20.com\/de\/wp-json\/wp\/v2\/users\/3"}],"version-history":[{"count":1,"href":"https:\/\/www.people20.com\/de\/wp-json\/wp\/v2\/event\/24828\/revisions"}],"predecessor-version":[{"id":24830,"href":"https:\/\/www.people20.com\/de\/wp-json\/wp\/v2\/event\/24828\/revisions\/24830"}],"wp:featuredmedia":[{"embeddable":true,"href":"https:\/\/www.people20.com\/de\/wp-json\/wp\/v2\/media\/22447"}],"wp:attachment":[{"href":"https:\/\/www.people20.com\/de\/wp-json\/wp\/v2\/media?parent=24828"}],"wp:term":[{"taxonomy":"category","embeddable":true,"href":"https:\/\/www.people20.com\/de\/wp-json\/wp\/v2\/categories?post=24828"},{"taxonomy":"post_tag","embeddable":true,"href":"https:\/\/www.people20.com\/de\/wp-json\/wp\/v2\/tags?post=24828"},{"taxonomy":"regional_locations","embeddable":true,"href":"https:\/\/www.people20.com\/de\/wp-json\/wp\/v2\/regional_locations?post=24828"}],"curies":[{"name":"wp","href":"https:\/\/api.w.org\/{rel}","templated":true}]}}

<div style="height:20px" aria-hidden="true" class="wp-block-spacer"></div>

<p class="has-black-color has-text-color has-link-color wp-elements-668f4ca840e0249b0709a2ab6adc2a8f">Nehmen Sie teil an der wichtigsten Veranstaltung des Jahres für Führungskräfte in der europäischen Personaldienstleistungsbranche. Das SIA Executive Forum Europe bringt Führungskräfte aus der Personalbranche aus der ganzen Welt für zwei Tage voller Inspiration, Networking und strategischer Erkenntnisse zusammen.   </p>

<p class="globalpowerCTA has-black-color has-text-color"><a href="https://web.cvent.com/event/7510ca7e-bfcf-4693-b451-acdf0fc3bc6a/websitePage:2f3458b8-76ae-4daa-990f-4c1f73814ac7" target="_blank" rel="noreferrer noopener">Heute anmelden</a></p>

<h3 class="wp-block-heading has-text-color has-link-color wp-elements-e2400bee9e446c6596c11d34a8966631" style="color:#056892">Warum eine Partnerschaft mit People2.0?  </h3>

<ul class="wp-block-list">
<li><strong>Erweitern Sie Ihre globale Reichweite:</strong> Nutzen Sie unsere internationale Infrastruktur, um Arbeitnehmer weltweit unter Einhaltung aller Vorschriften zu vermitteln.  </li>



<li><strong>Rationalisierung der Abläufe:</strong> Lagern Sie Back-Office-Aufgaben aus und konzentrieren Sie sich auf das Wachstum Ihres Kerngeschäfts und Ihre Kundenbeziehungen.  </li>



<li><strong>Risiken mindern:</strong> Gewährleisten Sie die korrekte Klassifizierung von Arbeitnehmern und die Einhaltung von Vorschriften in verschiedenen Rechtsordnungen.  </li>
</ul>

<div style="height:15px" aria-hidden="true" class="wp-block-spacer"></div>

<h3 class="wp-block-heading has-text-color has-link-color wp-elements-a36b0fc9933158794dd05312d00cc7dc" style="color:#056892">Lassen Sie sich diese Gelegenheit nicht entgehen  </h3>

<p>Reservieren Sie sich Zeit für ein Gespräch mit unseren Experten. Entdecken Sie, wie eine Partnerschaft mit People2.0 Ihr Workforce Management revolutionieren kann.   </p>

<script type="text/javascript">
_linkedin_partner_id = "5027738";
window._linkedin_data_partner_ids = window._linkedin_data_partner_ids || [];
window._linkedin_data_partner_ids.push(_linkedin_partner_id);
</script><script type="text/javascript">
(function(l) {
if (!l){window.lintrk = function(a,b){window.lintrk.q.push([a,b])};
window.lintrk.q=[]}
var s = document.getElementsByTagName("script")[0];
var b = document.createElement("script");
b.type = "text/javascript";b.async = true;
b.src = "https://snap.licdn.com/li.lms-analytics/insight.min.js";
s.parentNode.insertBefore(b, s);})(window.lintrk);
</script>
<noscript>
<img decoding="async" height="1" width="1" style="display:none;" alt="" src="https://px.ads.linkedin.com/collect/?pid=5027738&#038;fmt=gif"/>
</noscript>

<!-- This site is optimized with the Yoast SEO plugin v27.4 - https://yoast.com/product/yoast-seo-wordpress/ -->
<title>&#8211;</title>
<meta name="robots" content="index, follow, max-snippet:-1, max-image-preview:large, max-video-preview:-1" />
<link rel="canonical" href="https://www.people20.com/de/event/sia-executive-forum-europe-2024/" />
<meta property="og:locale" content="de_DE" />
<meta property="og:type" content="article" />
<meta property="og:title" content="&#8211;" />
<meta property="og:description" content="4. bis 5. Dezember 2024The Landmark HotelLondon, UK" />
<meta property="og:url" content="https://www.people20.com/de/event/sia-executive-forum-europe-2024/" />
<meta property="og:site_name" content="People2.0 | Global" />
<meta property="article:modified_time" content="2025-10-23T18:26:20+00:00" />
<meta property="og:image" content="https://www.people20.com/wp-content/uploads/2025/09/default-featured-blog-image-e1759425826602.png" />
	<meta property="og:image:width" content="2000" />
	<meta property="og:image:height" content="1350" />
	<meta property="og:image:type" content="image/png" />
<meta name="twitter:card" content="summary_large_image" />
<meta name="twitter:label1" content="Geschätzte Lesezeit" />
	<meta name="twitter:data1" content="1 Minute" />
<!-- / Yoast SEO plugin. -->
