{"id":24724,"date":"2022-12-06T14:34:44","date_gmt":"2022-12-06T19:34:44","guid":{"rendered":"https:\/\/www.people20.com\/event\/2023-sia-executive-forum-nordamerika\/"},"modified":"2025-10-23T14:26:31","modified_gmt":"2025-10-23T18:26:31","slug":"2023-sia-executive-forum-north-america","status":"publish","type":"event","link":"https:\/\/www.people20.com\/de\/event\/2023-sia-executive-forum-north-america\/","title":{"rendered":"2023 SIA Executive Forum Nordamerika"},"content":{"rendered":"\n<div style=\"height:20px\" aria-hidden=\"true\" class=\"wp-block-spacer\"><\/div>\n\n<p>Schlie\u00dfen Sie sich Pat McCall, People2.0 Global Chief Revenue Officer, auf dem SIA Executive Forum am Mittwoch, den 8. M\u00e4rz 2023, 11:45 &#8211; 12:30 Uhr EST, einer Gruppe von Branchenf\u00fchrern an. <\/p>\n\n<p><strong>Die Zukunft des Arbeitgebers und der IC-Compliance-Dienste<\/strong><\/p>\n\n<p>Die SIA sch\u00e4tzt, dass die Ausgaben f\u00fcr unabh\u00e4ngige Auftragnehmer mehr als das Vierfache der j\u00e4hrlichen Ausgaben f\u00fcr Zeitarbeitskr\u00e4fte betragen. Immer mehr gro\u00dfe Unternehmen suchen nach innovativen und gesetzeskonformen Wegen, um diese Arbeitnehmer zu besch\u00e4ftigen. Lohn- und Gehaltsabrechnungen galten fr\u00fcher als margenschwache, stille Ecke des Marktes. Im Zuge der Pandemie und des Anstiegs der Telearbeit hat sich dieser Bereich jedoch zu einem &#8222;Employer of Record&#8220; (EOR) entwickelt und Tech-Unicorns mit Bewertungen von \u00fcber 1 Milliarde US-Dollar hervorgebracht. Was treibt diesen Trend an und wohin wird er sich entwickeln? Wir untersuchen die M\u00f6glichkeiten, die Gefahren und die Aussichten f\u00fcr dieses neu belebte Segment der Branche.     <\/p>\n\n<p><strong>Treffen Sie uns auf dem Executive Forum!<\/strong><\/p>\n\n<p class=\"globalpowerCTA has-black-color has-text-color\"><a href=\"https:\/\/web.cvent.com\/event\/4f1ce580-304b-4c6a-8220-9ed510f5aac7\/websitePage:2a28f077-cacd-4a03-b7cb-9050b5e1c526\" target=\"_blank\" rel=\"noreferrer noopener\">Heute anmelden<\/a><\/p>\n","protected":false},"excerpt":{"rendered":"<p>6. bis 9. M\u00e4rz 2023<br \/>Fontainebleau Hotel<br \/>Miami, FL<\/p>\n","protected":false},"author":3,"featured_media":22447,"menu_order":0,"template":"","format":"standard","meta":{"_acf_changed":false,"content-type":"","footnotes":""},"categories":[1253,1349,1353,1181],"tags":[],"regional_locations":[1785],"class_list":["post-24724","event","type-event","status-publish","format-standard","has-post-thumbnail","hentry","category-canada-de","category-events-de","category-export-de","category-us-de","regional_locations-americas-de"],"acf":[],"yoast_head":"<!-- This site is optimized with the Yoast SEO plugin v27.4 - https:\/\/yoast.com\/product\/yoast-seo-wordpress\/ -->\n<title>&#8211;<\/title>\n<meta name=\"robots\" content=\"index, follow, max-snippet:-1, max-image-preview:large, max-video-preview:-1\" \/>\n<link rel=\"canonical\" href=\"https:\/\/www.people20.com\/de\/event\/2023-sia-executive-forum-north-america\/\" \/>\n<meta property=\"og:locale\" content=\"de_DE\" \/>\n<meta property=\"og:type\" content=\"article\" \/>\n<meta property=\"og:title\" content=\"&#8211;\" \/>\n<meta property=\"og:description\" content=\"6. bis 9. M\u00e4rz 2023Fontainebleau HotelMiami, FL\" \/>\n<meta property=\"og:url\" content=\"https:\/\/www.people20.com\/de\/event\/2023-sia-executive-forum-north-america\/\" \/>\n<meta property=\"og:site_name\" content=\"People2.0 | Global\" \/>\n<meta property=\"article:modified_time\" content=\"2025-10-23T18:26:31+00:00\" \/>\n<meta property=\"og:image\" content=\"https:\/\/www.people20.com\/wp-content\/uploads\/2025\/09\/default-featured-blog-image-e1759425826602.png\" \/>\n\t<meta property=\"og:image:width\" content=\"2000\" \/>\n\t<meta property=\"og:image:height\" content=\"1350\" \/>\n\t<meta property=\"og:image:type\" content=\"image\/png\" \/>\n<meta name=\"twitter:card\" content=\"summary_large_image\" \/>\n<meta name=\"twitter:label1\" content=\"Gesch\u00e4tzte Lesezeit\" \/>\n\t<meta name=\"twitter:data1\" content=\"1\u00a0Minute\" \/>\n<!-- \/ Yoast SEO plugin. -->","yoast_head_json":{"title":"&#8211;","robots":{"index":"index","follow":"follow","max-snippet":"max-snippet:-1","max-image-preview":"max-image-preview:large","max-video-preview":"max-video-preview:-1"},"canonical":"https:\/\/www.people20.com\/de\/event\/2023-sia-executive-forum-north-america\/","og_locale":"de_DE","og_type":"article","og_title":"&#8211;","og_description":"6. bis 9. M\u00e4rz 2023Fontainebleau HotelMiami, FL","og_url":"https:\/\/www.people20.com\/de\/event\/2023-sia-executive-forum-north-america\/","og_site_name":"People2.0 | Global","article_modified_time":"2025-10-23T18:26:31+00:00","og_image":[{"width":2000,"height":1350,"url":"https:\/\/www.people20.com\/wp-content\/uploads\/2025\/09\/default-featured-blog-image-e1759425826602.png","type":"image\/png"}],"twitter_card":"summary_large_image","twitter_misc":{"Gesch\u00e4tzte Lesezeit":"1\u00a0Minute"},"schema":{"@context":"https:\/\/schema.org","@graph":[{"@type":"WebPage","@id":"https:\/\/www.people20.com\/de\/event\/2023-sia-executive-forum-north-america\/","url":"https:\/\/www.people20.com\/de\/event\/2023-sia-executive-forum-north-america\/","name":"&#8211;","isPartOf":{"@id":"https:\/\/www.people20.com\/de\/#website"},"primaryImageOfPage":{"@id":"https:\/\/www.people20.com\/de\/event\/2023-sia-executive-forum-north-america\/#primaryimage"},"image":{"@id":"https:\/\/www.people20.com\/de\/event\/2023-sia-executive-forum-north-america\/#primaryimage"},"thumbnailUrl":"https:\/\/www.people20.com\/wp-content\/uploads\/2025\/09\/default-featured-blog-image-e1759425826602.png","datePublished":"2022-12-06T19:34:44+00:00","dateModified":"2025-10-23T18:26:31+00:00","breadcrumb":{"@id":"https:\/\/www.people20.com\/de\/event\/2023-sia-executive-forum-north-america\/#breadcrumb"},"inLanguage":"de","potentialAction":[{"@type":"ReadAction","target":["https:\/\/www.people20.com\/de\/event\/2023-sia-executive-forum-north-america\/"]}]},{"@type":"ImageObject","inLanguage":"de","@id":"https:\/\/www.people20.com\/de\/event\/2023-sia-executive-forum-north-america\/#primaryimage","url":"https:\/\/www.people20.com\/wp-content\/uploads\/2025\/09\/default-featured-blog-image-e1759425826602.png","contentUrl":"https:\/\/www.people20.com\/wp-content\/uploads\/2025\/09\/default-featured-blog-image-e1759425826602.png","width":2000,"height":1350},{"@type":"BreadcrumbList","@id":"https:\/\/www.people20.com\/de\/event\/2023-sia-executive-forum-north-america\/#breadcrumb","itemListElement":[{"@type":"ListItem","position":1,"name":"Home","item":"https:\/\/www.people20.com\/de\/home\/"},{"@type":"ListItem","position":2,"name":"Veranstaltungen","item":"https:\/\/www.people20.com\/de\/knowledges-archive\/"},{"@type":"ListItem","position":3,"name":"2023 SIA Executive Forum Nordamerika"}]},{"@type":"WebSite","@id":"https:\/\/www.people20.com\/de\/#website","url":"https:\/\/www.people20.com\/de\/","name":"People2.0 | Global","description":"Global employment, simplified.","publisher":{"@id":"https:\/\/www.people20.com\/de\/#organization"},"potentialAction":[{"@type":"SearchAction","target":{"@type":"EntryPoint","urlTemplate":"https:\/\/www.people20.com\/de\/?s={search_term_string}"},"query-input":{"@type":"PropertyValueSpecification","valueRequired":true,"valueName":"search_term_string"}}],"inLanguage":"de"},{"@type":"Organization","@id":"https:\/\/www.people20.com\/de\/#organization","name":"People2.0 | Global","url":"https:\/\/www.people20.com\/de\/","logo":{"@type":"ImageObject","inLanguage":"de","@id":"https:\/\/www.people20.com\/de\/#\/schema\/logo\/image\/","url":"https:\/\/www.people20.com\/wp-content\/uploads\/2025\/05\/people20-logo.svg","contentUrl":"https:\/\/www.people20.com\/wp-content\/uploads\/2025\/05\/people20-logo.svg","caption":"People2.0 | Global"},"image":{"@id":"https:\/\/www.people20.com\/de\/#\/schema\/logo\/image\/"}}]}},"_links":{"self":[{"href":"https:\/\/www.people20.com\/de\/wp-json\/wp\/v2\/event\/24724","targetHints":{"allow":["GET"]}}],"collection":[{"href":"https:\/\/www.people20.com\/de\/wp-json\/wp\/v2\/event"}],"about":[{"href":"https:\/\/www.people20.com\/de\/wp-json\/wp\/v2\/types\/event"}],"author":[{"embeddable":true,"href":"https:\/\/www.people20.com\/de\/wp-json\/wp\/v2\/users\/3"}],"version-history":[{"count":1,"href":"https:\/\/www.people20.com\/de\/wp-json\/wp\/v2\/event\/24724\/revisions"}],"predecessor-version":[{"id":24726,"href":"https:\/\/www.people20.com\/de\/wp-json\/wp\/v2\/event\/24724\/revisions\/24726"}],"wp:featuredmedia":[{"embeddable":true,"href":"https:\/\/www.people20.com\/de\/wp-json\/wp\/v2\/media\/22447"}],"wp:attachment":[{"href":"https:\/\/www.people20.com\/de\/wp-json\/wp\/v2\/media?parent=24724"}],"wp:term":[{"taxonomy":"category","embeddable":true,"href":"https:\/\/www.people20.com\/de\/wp-json\/wp\/v2\/categories?post=24724"},{"taxonomy":"post_tag","embeddable":true,"href":"https:\/\/www.people20.com\/de\/wp-json\/wp\/v2\/tags?post=24724"},{"taxonomy":"regional_locations","embeddable":true,"href":"https:\/\/www.people20.com\/de\/wp-json\/wp\/v2\/regional_locations?post=24724"}],"curies":[{"name":"wp","href":"https:\/\/api.w.org\/{rel}","templated":true}]}}

<div style="height:20px" aria-hidden="true" class="wp-block-spacer"></div>

<p>Schließen Sie sich Pat McCall, People2.0 Global Chief Revenue Officer, auf dem SIA Executive Forum am Mittwoch, den 8. März 2023, 11:45 &#8211; 12:30 Uhr EST, einer Gruppe von Branchenführern an. </p>

<p><strong>Die Zukunft des Arbeitgebers und der IC-Compliance-Dienste</strong></p>

<p>Die SIA schätzt, dass die Ausgaben für unabhängige Auftragnehmer mehr als das Vierfache der jährlichen Ausgaben für Zeitarbeitskräfte betragen. Immer mehr große Unternehmen suchen nach innovativen und gesetzeskonformen Wegen, um diese Arbeitnehmer zu beschäftigen. Lohn- und Gehaltsabrechnungen galten früher als margenschwache, stille Ecke des Marktes. Im Zuge der Pandemie und des Anstiegs der Telearbeit hat sich dieser Bereich jedoch zu einem &#8222;Employer of Record&#8220; (EOR) entwickelt und Tech-Unicorns mit Bewertungen von über 1 Milliarde US-Dollar hervorgebracht. Was treibt diesen Trend an und wohin wird er sich entwickeln? Wir untersuchen die Möglichkeiten, die Gefahren und die Aussichten für dieses neu belebte Segment der Branche.     </p>

<p><strong>Treffen Sie uns auf dem Executive Forum!</strong></p>

<p class="globalpowerCTA has-black-color has-text-color"><a href="https://web.cvent.com/event/4f1ce580-304b-4c6a-8220-9ed510f5aac7/websitePage:2a28f077-cacd-4a03-b7cb-9050b5e1c526" target="_blank" rel="noreferrer noopener">Heute anmelden</a></p>

<p>6. bis 9. März 2023<br />Fontainebleau Hotel<br />Miami, FL</p>

<!-- This site is optimized with the Yoast SEO plugin v27.4 - https://yoast.com/product/yoast-seo-wordpress/ -->
<title>&#8211;</title>
<meta name="robots" content="index, follow, max-snippet:-1, max-image-preview:large, max-video-preview:-1" />
<link rel="canonical" href="https://www.people20.com/de/event/2023-sia-executive-forum-north-america/" />
<meta property="og:locale" content="de_DE" />
<meta property="og:type" content="article" />
<meta property="og:title" content="&#8211;" />
<meta property="og:description" content="6. bis 9. März 2023Fontainebleau HotelMiami, FL" />
<meta property="og:url" content="https://www.people20.com/de/event/2023-sia-executive-forum-north-america/" />
<meta property="og:site_name" content="People2.0 | Global" />
<meta property="article:modified_time" content="2025-10-23T18:26:31+00:00" />
<meta property="og:image" content="https://www.people20.com/wp-content/uploads/2025/09/default-featured-blog-image-e1759425826602.png" />
	<meta property="og:image:width" content="2000" />
	<meta property="og:image:height" content="1350" />
	<meta property="og:image:type" content="image/png" />
<meta name="twitter:card" content="summary_large_image" />
<meta name="twitter:label1" content="Geschätzte Lesezeit" />
	<meta name="twitter:data1" content="1 Minute" />
<!-- / Yoast SEO plugin. -->

6. bis 9. März 2023Fontainebleau HotelMiami, FL
